(7 - 3) - -36 is divided by b.
4
Suppose -4*k - 13 = 5*i, -2*k = -7*k - 3*i - 26. Let f = 11 + k. Let l(a) = a**3 - 2*a**2 + a + 4. Calculate the remainder when l(f) is divided by 14.
12
Suppose 2*i = -1 + 19. What is the remainder when 104 is divided by i?
5
What is the remainder when (174 + (5 - 6))/1 is divided by 8?
5
Let b(f) = f**3 + 4*f**2 - 5*f + 5. Let s be b(2). Calculate the remainder when 68 is divided by s + (-4 - -6)*2.
22
Let u(v) = -3*v + 5 + 2 + 2. Calculate the remainder when u(-10) is divided by 23 - (-4)/(4/(-3)).
19
Suppose -5*f + 2*l + 0*l + 65 = 0, -4*f + 4*l = -40. Suppose f*x - 64 = 7*x. What is the remainder when x is divided by 30/4*(-2)/(-3)?
3
Let k(v) be the first derivative of -7*v**2 - v - 9. Calculate the remainder when k(-6) is divided by ((-18)/12)/(1/(-14)).
20
Let n be 50 - (2 + 2)/(-2). Suppose -4*s - n = -4*q, 65 = 5*q + s + s. Calculate the remainder when 3 + -3 - (2 + -52) is divided by q.
11
Suppose 5*v - 245 = -4*h, v + 86*h = 81*h + 70. What is the remainder when 194 is divided by v?
14
Let p be 676/(-3) + (-6)/(-18). Let z be ((-4)/(-10))/(5/p). Let y = -8 - z. Calculate the remainder when 27 is divided by y.
7
Let a = -943 + 961. Suppose -5*o + j = -297 - 44, j - 349 = -5*o. What is the remainder when o is divided by a?
15
Suppose 13*q = 16*q - 30. Calculate the remainder when 78 is divided by (4 - (-235)/q) + 1/(-2).
24
Suppose -27*t = -37*t + 460. Suppose 2*p - 18 = -0*p. Let z = 25 - p. Calculate the remainder when t is divided by z.
14
Suppose -9*q + 4*r + 0*r + 439 = 0, 4*r + 31 = q. What is the remainder when 607 is divided by q?
46
Let s = -2 + 13. Let x(w) = 11*w**2 - 16*w + 29. What is the remainder when x(2) is divided by s?
8
Suppose 182*m = 187*m + 3*s - 1318, -5*m = 2*s - 1322. What is the remainder when m is divided by 31?
18
Calculate the remainder when 108 is divided by (16/(-12))/((-8)/84).
10
Let z = -103 - -106. Suppose -z*u - 4*u + 98 = 0. What is the remainder when 40 is divided by u?
12
Let u(n) = -n**3 - 17*n**2 - 18*n - 25. What is the remainder when 27 is divided by u(-16)?
6
Let a(d) = -d**3 - 19*d**2 - 3*d + 87. What is the remainder when a(-19) is divided by 47?
3
Suppose -6*m + 336 = 6*m. What is the remainder when 1425 is divided by m?
25
What is the remainder when 29 is divided by 5 - 1*(3 - (-1 - -5))?
5
Suppose 270 + 1120 = 10*l. Calculate the remainder when l is divided by 36.
31
Let d be (-1)/2*2*0. Suppose -4*n + d*n = -12. Suppose 2*y - n*s = 2*s - 5, 2*s = 5*y - 19. What is the remainder when 9 is divided by y?
4
Suppose -4*z - 3*x = -41, -2*z - 12*x = -10*x - 20. Let y(c) = 0 + 4 - c + 2*c. Calculate the remainder when y(z) is divided by 6.
3
Let n(t) = t**3 + 12*t**2 - 7*t - 16. Let j be -7 + -4 - (2 - 1). Let l be n(j). Suppose 12*z = 8*z + l. What is the remainder when z is divided by 9?
8
Suppose 28*z = 32*z - 36. Calculate the remainder when 394 is divided by z.
7
Let v = 19 - 1. Suppose -14*s = -v*s + 8. Calculate the remainder when 3 is divided by s.
1
Let z = -66 - -80. Let m be 166/6 + (-4)/6. Let c = z + m. Calculate the remainder when c is divided by 11.
8
Let l = -288 - -638. What is the remainder when l is divided by 39?
38
What is the remainder when (-19)/38 + (-782)/(-4) is divided by 50?
45
Let x = 219 + -211. What is the remainder when 23 is divided by x?
7
Suppose 0*z - 9*z - 99 = 0. Calculate the remainder when 112 is divided by 1 + (-409)/z + (-4)/22.
36
Suppose -68 = -2*y + 2*m, -5*m + 41 = 4*y - 104. Calculate the remainder when y is divided by 1/5 + 176/20.
8
Suppose -21*u + 5306 = -14*u. Calculate the remainder when u is divided by 249.
11
Suppose -4*r + a - 76 = 4*a, -4*r - a = 84. Let p = r - -48. What is the remainder when p is divided by 9?
8
Suppose 5*r - 32 = 8. Let d(h) = h**3 - 14*h**2 - 27*h - 36. Calculate the remainder when d(16) is divided by r.
4
Let l(a) = -46*a - 118. What is the remainder when l(-12) is divided by 142?
8
Calculate the remainder when 32 is divided by -4*(-3 + 0) - 1.
10
Let v(w) = 14*w - 141. Let b = 0 + 21. What is the remainder when v(17) is divided by b?
13
Suppose 2*p + 5*b = -2, -p - 7 = 4*b - 0. Suppose -14*f + 270 = -p*f. What is the remainder when f is divided by 14?
12
Suppose -146 = -2*w + 4*p, 0*w + 2*p = -w + 53. Suppose -2*d - 5*r + 16 - 2 = 0, -5*d + 3*r + 97 = 0. Calculate the remainder when w is divided by d.
12
Let w = -607 + 693. Calculate the remainder when w is divided by 21.
2
Suppose 4*v - 3*p = 63, -5*p + 2*p - 51 = -3*v. What is the remainder when 79 is divided by v?
7
Let j = 8 - 6. Calculate the remainder when (92/(-8) + 3)*(-16)/2 is divided by j*6*18/12.
14
Let u be (-14)/70 - 26/(-5). Let j be -93*(2/2)/(-3). Suppose -3*d = m - 0*d - j, -4*m = u*d - 110. What is the remainder when m is divided by 13?
12
Let m = 157 - -53. What is the remainder when m is divided by 53?
51
Let c(v) = v**3 - 5*v**2 - 19*v - 30. Calculate the remainder when 448 is divided by c(8).
8
Suppose 864 = -162*m + 198*m. What is the remainder when 282 is divided by m?
18
Suppose 10*c - 5*y = 5*c + 10, -c + 10 = 3*y. What is the remainder when 3/(-9)*-3*14 is divided by 0 + 0 - (-9 + c)?
4
Let i(n) = -n + 20. Let z be i(9). Let p(s) = -s**3 + 12*s**2 - 8*s - 12. Calculate the remainder when 81 is divided by p(z).
18
Let u(v) = -v**3 - 2*v**2 - 3*v - 2. Let z = 4 - 6. Let l be u(z). Suppose 97 = l*b + 33. What is the remainder when 29 is divided by b?
13
Let l be 2/1*5/2. Suppose l*f - 4*f = 36. Suppose -73 = -3*o - 0*o - 4*k, -o = -k - f. Calculate the remainder when o is divided by 11.
9
Let w = -333 + 426. Calculate the remainder when w is divided by 25.
18
Calculate the remainder when 2/(-8)*-2 - (-321)/6 is divided by 15.
9
Calculate the remainder when 283 is divided by -14*(-60)/32 - (-1)/(-4).
23
Suppose 0 = -4*y + 16, 2*y - 135 = -3*b - 31. Calculate the remainder when 157 is divided by b.
29
Let f = -1322 + 1344. What is the remainder when 28 is divided by f?
6
Let l be -15 - 2 - (3 - 0). Calculate the remainder when (-2)/(-7) - 248/(-14) is divided by 1*3 + l + 24.
4
Let q(v) = 3*v - 38. What is the remainder when 50 is divided by q(22)?
22
Suppose 116*x = 11*x + 15540. Calculate the remainder when x is divided by 33.
16
Let d(o) = o**3 + o**2 - 15*o. What is the remainder when d(8) is divided by 27?
24
Suppose 3*m - 2*m - 5*s = -11, 3*m + 7 = 2*s. Calculate the remainder when 0/m + 55 + -2 is divided by 8.
5
Suppose 49*z - 7728 = -7*z. What is the remainder when z is divided by 13?
8
Suppose 20 + 10 = -2*m. Let k = 124 - m. Calculate the remainder when k is divided by -21*((-8)/3 - -1).
34
Let p be -1080*(3 + (-44)/20). What is the remainder when (-8)/44 - p/33 is divided by 15?
11
Let c = 312 + -291. What is the remainder when 102 is divided by c?
18
Suppose -7*q - 27*q + 3366 = 0. What is the remainder when q is divided by 10?
9
Suppose 2*h - 19 = 5*x, -33 = -4*h - 0*x + 5*x. Suppose -46 = -i - 2. Suppose o - 4 = 0, 3*v + 3*o + 14 = i. What is the remainder when h is divided by v?
1
Let j be (0 - (-15)/2)*24/10. Let r = -5 - -7. Suppose p - 23 = r*f, p - 4*f + f - j = 0. Calculate the remainder when p is divided by 12.
9
Let w(s) = s**3 + 16*s**2 + 10*s - 16. Calculate the remainder when w(-11) is divided by 13.
11
Suppose 4*v - 708 = 2*v. Suppose -a = -0*i + i + 91, 4*a + 2*i + v = 0. Calculate the remainder when a/(-4)*(0 + 4) is divided by 22.
20
Suppose 4*o - 1174 = -o + 2*k, 3*o - k - 704 = 0. What is the remainder when o is divided by 59?
57
Let n(a) = -5*a - 4. Let y(p) = 2*p + 2. Suppose -2*z + 12 = -m, m = z - 6 - 0. Calculate the remainder when n(-9) is divided by y(z).
13
Let l(x) = -2*x**3 + 74*x**2 - 71*x - 14. What is the remainder when l(36) is divided by 5?
2
Suppose 0 = 2*o + 3*o - 370. Calculate the remainder when o is divided by ((-160)/(-48))/(86/(-30) - -3).
24
Let o be ((-15)/2)/(39/12 + -4). Suppose o*l - 4*l = 474. What is the remainder when l is divided by 10?
9
Suppose 7*t - 78 = 4*t. What is the remainder when 283 is divided by t?
23
Suppose -i - 60 = -65. Suppose -i*s - 4*u - 19 + 62 = 0, 5*u - 24 = -2*s. What is the remainder when 17 is divided by s?
3
Let p(o) = 2*o - 35. Let z be p(18). Calculate the remainder when (1 + z + 84/(-30))*-60 is divided by 10.
8
Le